alculate the remainder when 106 is divided by 93.
13
Calculate the remainder when 855 is divided by 33.
30
What is the remainder when 269 is divided by 156?
113
What is the remainder when 608 is divided by 122?
120
Calculate the remainder when 1518 is divided by 76.
74
Calculate the remainder when 253 is divided by 48.
13
What is the remainder when 7 is divided by 2?
1
Calculate the remainder when 421 is divided by 71.
66
Calculate the remainder when 60 is divided by 3.
0
Calculate the remainder when 962 is divided by 249.
215
Calculate the remainder when 221 is divided by 36.
5
What is the remainder when 2062 is divided by 6?
4
What is the remainder when 1964 is divided by 759?
446
What is the remainder when 55 is divided by 18?
1
Calculate the remainder when 1087 is divided by 11.
9
What is the remainder when 4176 is divided by 199?
196
Calculate the remainder when 11568 is divided by 21.
18
What is the remainder when 735 is divided by 16?
15
What is the remainder when 387 is divided by 26?
23
Calculate the remainder when 3547 is divided by 68.
11
What is the remainder when 38021 is divided by 39?
35
What is the remainder when 186 is divided by 45?
6
Calculate the remainder when 701 is divided by 137.
16
Calculate the remainder when 216 is divided by 16.
8
Calculate the remainder when 453 is divided by 57.
54
Calculate the remainder when 4737 is divided by 20.
17
Calculate the remainder when 797 is divided by 34.
15
Calculate the remainder when 437 is divided by 107.
9
What is the remainder when 20 is divided by 13?
7
Calculate the remainder when 173 is divided by 25.
23
Calculate the remainder when 24 is divided by 15.
9
What is the remainder when 793 is divided by 38?
33
Calculate the remainder when 831 is divided by 24.
15
Calculate the remainder when 269 is divided by 135.
134
What is the remainder when 4099 is divided by 41?
40
Calculate the remainder when 2319 is divided by 129.
126
What is the remainder when 85 is divided by 16?
5
Calculate the remainder when 105 is divided by 17.
3
Calculate the remainder when 1058 is divided by 53.
51
Calculate the remainder when 200 is divided by 48.
8
Calculate the remainder when 450 is divided by 401.
49
Calculate the remainder when 12416 is divided by 270.
266
Calculate the remainder when 183 is divided by 92.
91
Calculate the remainder when 1149 is divided by 96.
93
What is the remainder when 138 is divided by 35?
33
Calculate the remainder when 743 is divided by 185.
3
Calculate the remainder when 2055 is divided by 172.
163
Calculate the remainder when 334 is divided by 90.
64
Calculate the remainder when 42 is divided by 29.
13
Calculate the remainder when 80 is divided by 31.
18
Calculate the remainder when 990 is divided by 4.
2
Calculate the remainder when 253 is divided by 27.
10
What is the remainder when 19 is divided by 12?
7
What is the remainder when 10 is divided by 3?
1
Calculate the remainder when 31 is divided by 5.
1
Calculate the remainder when 1042 is divided by 451.
140
What is the remainder when 71 is divided by 18?
17
What is the remainder when 2156 is divided by 15?
11
What is the remainder when 823 is divided by 273?
4
Calculate the remainder when 90 is divided by 22.
2
What is the remainder when 3096 is divided by 6?
0
Calculate the remainder when 8606 is divided by 21.
17
What is the remainder when 1893 is divided by 143?
34
What is the remainder when 2233 is divided by 279?
1
Calculate the remainder when 138 is divided by 25.
13
What is the remainder when 181 is divided by 105?
76
What is the remainder when 268 is divided by 57?
40
What is the remainder when 4073 is divided by 1018?
1
What is the remainder when 1349 is divided by 27?
26
Calculate the remainder when 1758 is divided by 575.
33
What is the remainder when 132 is divided by 7?
6
Calculate the remainder when 473 is divided by 9.
5
What is the remainder when 3969 is divided by 34?
25
What is the remainder when 1158 is divided by 17?
2
Calculate the remainder when 476 is divided by 329.
147
Calculate the remainder when 343 is divided by 23.
21
Calculate the remainder when 1126 is divided by 34.
4
Calculate the remainder when 30995 is divided by 42.
41
Calculate the remainder when 1254 is divided by 47.
32
What is the remainder when 19 is divided by 19?
0
What is the remainder when 162 is divided by 44?
30
What is the remainder when 103 is divided by 26?
25
What is the remainder when 224 is divided by 33?
26
Calculate the remainder when 1529 is divided by 21.
17
Calculate the remainder when 6989 is divided by 304.
301
What is the remainder when 830 is divided by 13?
11
Calculate the remainder when 224 is divided by 154.
70
What is the remainder when 985 is divided by 975?
10
What is the remainder when 6 is divided by 4?
2
What is the remainder when 293 is divided by 8?
5
Calculate the remainder when 242 is divided by 7.
4
What is the remainder when 1994 is divided by 661?
11
What is the remainder when 1956 is divided by 74?
32
Calculate the remainder when 124 is divided by 14.
12
Calculate the remainder when 131 is divided by 51.
29
Calculate the remainder when 5691 is divided by 219.
216
What is the remainder when 269 is divided by 54?
53
Calculate the remainder when 143 is divided by 67.
9
What is the remainder when 510 is divided by 19?
16
What is the remainder when 1253 is divided by 314?
311
Calculate the remainder when 137 is divided by 63.
11
Calculate the remainder when 97 is divided by 5.
2
What is the remainder when 77 is divided by 27?
23
Calculate the remainder when 116 is divided by 23.
1
What is the remainder when 165 is divided by 46?
27
What is the remainder when 210 is divided by 71?
68
Calculate the remainder when 196 is divided by 33.
31
Calculate the remainder when 351 is divided by 34.
11
Calculate the remainder when 270 is divided by 56.
46
What is the remainder when 239 is divided by 11?
8
Calculate the remainder when 1393 is divided by 5.
3
Calculate the remainder when 162 is divided by 55.
52
What is the remainder when 8312 is divided by 99?
95
What is the remainder when 54 is divided by 22?
10
What is the remainder when 362 is divided by 69?
17
What is the remainder when 435 is divided by 211?
13
What is the remainder when 167 is divided by 109?
58
What is the remainder when 177 is divided by 167?
10
What is the remainder when 625 is divided by 18?
13
What is the remainder when 790 is divided by 99?
97
What is the remainder when 271 is divided by 4?
3
What is the remainder when 107 is divided by 23?
15
Calculate the remainder when 5447 is divided by 116.
111
Calculate the remainder when 1626 is divided by 48.
42
What is the remainder when 17 is divided by 9?
8
Calculate the remainder when 243 is divided by 66.
45
Calculate the remainder when 38 is divided by 26.
12
What is the remainder when 528 is divided by 137?
117
Calculate the remainder when 1181 is divided by 16.
13
What is the remainder when 2715 is divided by 80?
75
What is the remainder when 3399 is divided by 148?
143
Calculate the remainder when 131 is divided by 16.
3
Calculate the remainder when 5183 is divided by 13.
9
Calculate the remainder when 42 is divided by 22.
20
What is the remainder when 3581 is divided by 47?
9
What is the remainder when 222 is divided by 36?
6
What is the remainder when 915 is divided by 34?
31
What is the remainder when 1055 is divided by 349?
8
Calculate the remainder when 253 is divided by 11.
0
What is the remainder when 67 is divided by 26?
15
What is the remainder when 89 is divided by 8?
1
What is the remainder when 863 is divided by 269?
56
What is the remainder when 131 is divided by 9?
5
What is the remainder when 195 is divided by 40?
35
Calculate the remainder when 1403 is divided by 13.
12
What is the remainder when 413 is divided by 23?
22
What is the remainder when 46 is divided by 45?
1
What is the remainder when 296 is divided by 18?
8
Calculate the remainder when 252 is divided by 48.
12
What is the remainder when 4506 is divided by 196?
194
What is the remainder when 308 is divided by 25?
8
Calculate the remainder when 1229 is divided by 30.
29
Calculate the remainder when 576 is divided by 27.
9
Calculate the remainder when 198 is divided by 191.
7
What is the remaind